5*o(q) + 6*r(q). Let z be g(-5). Suppose 0 = 9*p - 0*p - 36. What is the highest common factor of z and p?
4
Let l be (66/12)/((-2)/(-4)). Let t = l - -13. What is the highest common divisor of t and 12?
12
Let x be ((-3)/2)/(3/(-68)). Let j be -3 + (0 - -3)*1. Let d be (j - 1) + 1*52. What is the greatest common factor of x and d?
17
Suppose -f + 1 = 0, -5*l + 252 = 2*f - 0*f. What is the greatest common factor of 20 and l?
10
Let g be 81/(1*(1 - 0)). Let z = 117 - 108. Calculate the greatest common divisor of g and z.
9
Let i be 4*(-2 + 69/6). What is the greatest common divisor of i and 19?
19
Let h be (36/10)/(2/70). Calculate the highest common factor of h and 14.
14
Suppose 0 = 5*j - 15, 5*i - 4*j = 9 + 39. Let u(n) = 27*n. Let z be u(4). Calculate the greatest common divisor of z and i.
12
Suppose 12*u - 19*u + 245 = 0. What is the greatest common divisor of u and 385?
35
Let h = -20 - -34. Let q be 231/h*(-4)/(-3). What is the greatest common factor of 88 and q?
22
Suppose 2*z = -z + 714. Let g = z + -123. Calculate the highest common divisor of 23 and g.
23
Let w = -3 + 19. Let o be 1/(-1 - (-8)/6). Suppose 3 = -o*k - 2*g + 33, -3*g = k - 17. Calculate the greatest common divisor of k and w.
8
Let a(h) = h**3 + 5*h**2 + 3. Let c(f) = -f**3 - 5*f**2 + f + 7. Let r be c(-5). Let x = r - 5. Let g be a(x). What is the highest common divisor of 14 and g?
7
Suppose -y - 4*q = 3*y - 28, -2*q + 8 = 0. Suppose y*j - 264 = -j. What is the greatest common divisor of j and 22?
22
Suppose -4*u + 4*n = -11 + 3, -4*n = -2*u. Calculate the highest common factor of u and 3.
1
Suppose -15*y + 14*y = -162. Let a = 15 + 3. Calculate the highest common factor of a and y.
18
Let i(g) = -14*g + 1. Let a be i(-1). Calculate the highest common divisor of 5 and a.
5
Let i(h) = -36*h**3 - 1. Let b be i(-1). Calculate the greatest common divisor of 7 and b.
7
Let l = 56 + -33. What is the highest common factor of l and 253?
23
Suppose 0 = p + g + 2 - 60, 5*p - 4*g = 308. Calculate the highest common divisor of p and 10.
10
Suppose -6*d + 2*d + 16 = 0. Suppose 0*a + 3*r - 361 = -4*a, r + 349 = d*a. What is the greatest common divisor of 8 and a?
8
Suppose -4*r = 2*i - 7*i + 169, 49 = i + 3*r. What is the greatest common factor of 185 and i?
37
Suppose m = 4*r, m + 2*r = 5*m + 14. Let g = m + 8. Calculate the highest common divisor of 20 and g.
4
Let v be ((0/3)/(-1) - -1) + 6. Calculate the highest common divisor of 28 and v.
7
Let y(d) = 10*d - 1. Let t be y(4). Let r(n) = 7*n - 2. Let c = -1 - -5. Let l be r(c). What is the highest common factor of t and l?
13
Suppose 0*x - 4*x + 32 = 0. Let p = 33 + -17. Calculate the highest common factor of p and x.
8
Suppose 212 + 1996 = 8*l. What is the highest common divisor of l and 12?
12
Suppose -4*r - 5*r = -351. Calculate the highest common divisor of r and 39.
39
Suppose -l + 16 = 3*l - 4*v, 0 = -5*v. Suppose -2*g - l*p + 18 = 0, 0 = -5*g - 4*p + 2*p + 21. What is the greatest common divisor of 24 and g?
3
Let j be 3/(0 + -3)*-5. What is the greatest common factor of j and 5?
5
Let x(a) = a**3 - 7*a**2 - 7*a + 1. Let c be x(7). Let z = c + 288. What is the highest common divisor of 30 and z?
30
Suppose 3*p - w + 10 = 40, 5*p + 3*w = 64. Calculate the highest common divisor of 77 and p.
11
Let n be -1 - 3/(3/3). Let b be (-60)/n - -2 - 0. Let u = 23 - -11. What is the greatest common factor of b and u?
17
Suppose -17 = 4*o - 65. Let l(k) = 21*k**3 - 3*k**2 - 3*k - 1. Let b be l(3). Suppose -3*x + b - 134 = 0. What is the highest common divisor of o and x?
12
Suppose 0 = 4*r + 3*y + 15 - 49, -r + 1 = -3*y. Calculate the highest common divisor of 35 and r.
7
Let n(v) = -v**3 + 7*v**2 + 9*v + 4. Let h be n(8). Let f = 89 - h. Suppose -4*m + 21 = -m. Calculate the highest common divisor of f and m.
7
Let p be (-6)/(-9) + (-122)/(-6). Suppose 4*w - p = 51. What is the highest common factor of 9 and w?
9
Let m = 33 + -1. Suppose -6*f + 46 = -f + 2*g, 0 = 3*f - g - m. Let r be 38 - (-4 + 0 + 2). What is the greatest common divisor of f and r?
10
Let y(b) = 11 + 2 + b + 11. Suppose -d = -2*d. Let a be y(d). Calculate the greatest common factor of 36 and a.
12
Suppose 7 = 3*b - 2. Suppose 0*m = b*m - 132. Calculate the highest common divisor of m and 4.
4
Let p be 12/(-10)*(-15)/12*10. Let l be (1 + 0)/(4/240). What is the greatest common factor of l and p?
15
Suppose -28 - 8 = -4*m. Calculate the greatest common factor of m and 24.
3
Let x(t) = -t**2 - 10*t - 19. Let f be x(-7). What is the highest common factor of 3 and f?
1
Suppose -165 = -4*u + u. Calculate the greatest common divisor of u and 11.
11
Suppose 5*z - 26 = -g, 0*z = 3*z - 3. Calculate the highest common factor of 7 and g.
7
Let b(d) = -3*d**3 - 2*d**2 + 5*d - 6. Let v be b(-3). What is the highest common divisor of 24 and v?
6
Let x(i) = -i**3 + 11*i**2 - 9*i - 6. Let k be x(10). What is the highest common factor of 40 and k?
4
Let s(q) = -6*q + 67. Let w be s(6). What is the highest common factor of w and 62?
31
Suppose -y = -0*k + 2*k - 43, 4*k - 101 = y. Calculate the highest common divisor of k and 12.
12
Suppose j = 73 + 14. Suppose 2*b - 637 + j = 0. Suppose -5*r = -0*r - b. Calculate the greatest common divisor of r and 5.
5
Let f(x) = -x**2 - x + 1. Let l(a) = -a**2 - 7*a + 4. Let y(w) = 2*f(w) - l(w). Let j be y(3). Calculate the greatest common factor of j and 16.
4
Let a be (12/18)/((-4)/(-18)). Suppose -4*h + 501 = a*u - h, 12 = -3*h. What is the greatest common factor of 19 and u?
19
Let a(b) = -b**2 - 4*b + 4. Let q(x) = -2*x**2 - 9*x + 7. Let p(g) = -5*a(g) + 3*q(g). Let h be p(-5). Calculate the greatest common factor of 33 and h.
11
Suppose -w = -1, -5*d + 0*w = -4*w - 6. Let o(r) = -10*r - 2. Let j be o(-2). What is the greatest common factor of d and j?
2
Suppose 0 = q - 0*q + 14. Let z = 21 + q. Suppose -z*h + 3*h = -32. What is the greatest common factor of 8 and h?
8
Suppose 2*v - 9*q = -13*q + 98, -q = v - 52. Calculate the greatest common factor of 22 and v.
11
Let b be (-475)/(-4) - (-1)/4. Let k = 45 - 28. What is the greatest common factor of b and k?
17
Let p(f) = f**3 - 6*f**2 - 5*f + 6. Let y be p(7). Calculate the greatest common factor of 8 and y.
4
Let k be -3*((-2)/(-2) - 2). Suppose -5*s + 144 = 5*f - 31, 101 = 3*f + s. Calculate the greatest common factor of f and k.
3
Suppose -2*d = -m - 23, 11 = -3*d + 4*m + 58. Suppose 2*b = 2*c + 2, -5*c + 2*b = 4*b - d. Calculate the greatest common divisor of 5 and c.
1
Suppose -y = y. Suppose l + 0*l - 36 = y. Calculate the greatest common divisor of l and 90.
18
Suppose 14 = 3*y - 22. Suppose -3*j = -7*j + y. What is the highest common factor of j and 27?
3
Let r(x) = x**2 - 2*x - 3. Let v be r(4). Let g(b) = -b**2 + 6*b - 4. Let f be g(3). Calculate the highest common factor of v and f.
5
Let t = 154 + -2. What is the highest common factor of t and 19?
19
Let o be (-2)/(-8) - (-1)/(-4). Suppose -11 = -q - o*q. Calculate the highest common factor of q and 33.
11
Let w(z) = 2*z - 2. Let t be w(2). Let f be 2 - (-9)/6 - 2/4. What is the highest common factor of t and f?
1
Let j = -71 - -119. Calculate the highest common factor of j and 6.
6
Let u be ((-27)/(-2))/((-2)/(-4)). Suppose 0*y = 5*c + y - 50, 15 = 3*y. Calculate the greatest common factor of c and u.
9
Let z = 40 - 5. Suppose -2*d = 2*b - 38 + 10, -b = -d + 6. Let k be (d/(-6))/(2/(-6)). Calculate the greatest common factor of z and k.
5
Suppose d + d - 18 = 0. Calculate the highest common divisor of d and 3.
3
Suppose 3*f + 12 = 0, 3*f = -4*l + 2*f + 92. Suppose -4*n + n = 9, -2*k + 47 = -5*n. Calculate the greatest common divisor of k and l.
8
Suppose 2*l - 120 = -80. What is the greatest common divisor of 160 and l?
20
Suppose s = 2*s - 18. What is the highest common factor of 2 and s?
2
Suppose 2*c = 14 + 30. Calculate the highest common divisor of c and 198.
22
Let s = 44 + -24. Suppose -4*a + 0*d - 5*d + 30 = 0, a - 5*d = s. What is the highest common factor of a and 15?
5
Suppose -4*m - 10 = -6*m. Calculate the greatest common factor of m and 1.
1
Let u(r) = -r**2 - 5*r + 1. Let l(w) = -w**3 - 7*w**2 + 8*w - 5. Let j be l(-8). Let a be u(j). What is the greatest common factor of 5 and a?
1
Let h(v) = -2 + 4 + 2*v